git of f?
2
Let a(h) = 1544*h**2 - 2*h + 0*h**3 - h**3 - 4 - 1542*h**2. Let j be a(-2). What is the hundreds digit of (j/12*19)/(4/30)?
1
Let c(g) = 3*g**2 + 4. Let r(k) = -k**3 + k**2 - k - 6. Let u(j) = -j**2 - 7*j. Let h be u(-7). Let t be r(h). What is the hundreds digit of c(t)?
1
Let o be 3/(-6)*-6 - 4. Let b be 3/(-2)*o*(-156)/(-18). Suppose -9*n - 20 = -b*n. What is the units digit of n?
5
What is the units digit of -33322*(-18)/84 - 28/(-49)?
1
Suppose 2*h - 5*c = 36, 7*h - 5*c - 60 = 2*h. Let u(q) = -1 - 2 - 6*q**2 - 7*q - 3 + 4 + q**3. What is the tens digit of u(h)?
7
Let f(j) = -j**3 + 5*j**2 - 29*j + 69. What is the tens digit of f(-15)?
0
Let s(t) = -663*t - 1462. What is the hundreds digit of s(-11)?
8
Suppose 2*v + 190 - 13006 = 0. What is the hundreds digit of v?
4
Suppose 11*o - 35 = 18*o. Let l be (o*4/(-60))/((-2)/(-1278)). Suppose z - l = 2*p, z = -4*p + 2*p + 197. What is the hundreds digit of z?
2
What is the ten thousands digit of (1406200/(-700))/(2/(-28))?
2
Let i(m) = -1601*m - 1888. What is the hundreds digit of i(-10)?
1
Let d = 249 + -241. Suppose d*i = 33*i - 11175. What is the tens digit of i?
4
Let i be ((-26)/6)/((-69)/(-3726)). What is the units digit of ((-252)/(-2))/(9 - i/(-27))?
8
Suppose 0 = 4*p - 2 + 18. What is the units digit of 865 + (3/(-5))/(p/20)?
8
Let q(o) = -o**3 + 20*o**2 - 34*o - 21. Let k = 12 + 5. What is the tens digit of q(k)?
6
What is the hundreds digit of (0 + (-1590)/9)*(3 + (-72)/15)?
3
Let g(o) = -12*o + 5. Let t be g(3). Let d = -27 - t. Suppose -5*s + 5*z - 2*z = -365, d*z = 5*s - 370. What is the units digit of s?
0
Suppose -242*g + 3754400 = 62*g. What is the hundreds digit of g?
3
Let j be ((-12)/15)/((12/(-15))/2). Let h(c) = -11*c**2 + 3*c**2 + 7*c**2 + 4 + 3*c**j + 3*c. What is the tens digit of h(-5)?
3
Let m(u) = -u**3 - 9*u**2 - 12*u - 10. Let n be m(-7). Let y be (-92)/n - 4 - (-1081)/6. Let i = y + -65. What is the hundreds digit of i?
1
What is the thousands digit of 182*3269/56 - (-63)/84?
0
Let j = 72 - -20907. What is the ten thousands digit of j?
2
Suppose 51*a + 48*a - 1285738 = -38239. What is the tens digit of a?
0
Suppose -5*v + 2*o + 48906 = 0, 5*v - 4*o + 338 - 49250 = 0. What is the units digit of v?
0
Let t = 40 + -40. Suppose t = 5*d - 302 + 1737. What is the units digit of (-1)/2 - d/14?
0
Let h(v) = 366*v**2 - 14*v + 70. Let x be h(4). Suppose 2*k = -2*d - k + 2938, x = 4*d + 3*k. What is the tens digit of d?
6
Let f(a) = -15*a**3 - 20*a**2 - 107*a + 18. What is the units digit of f(-6)?
0
Let z be 4/1 + 0*4/(-16). Suppose -5*d = -3*b + z*b - 102, 0 = -5*b - d + 438. What is the tens digit of b?
8
Let y(s) = s**3 + 25*s**2 + 28*s - 37. Let l be y(-24). Let u = 289 - l. What is the units digit of u?
2
Suppose -9*i - 9 = -12*i. Suppose 2*z + 2*c - 36 = 7*c, 4*c - 100 = -i*z. Suppose 2*j - 3*m - 197 = 0, 0 = -4*j + 2*m + 402 - z. What is the tens digit of j?
9
Let w(n) = 8*n**2 - 15*n - 14. Let j be w(-6). Suppose -3*u - 2*t + 545 = -0*t, 2*t = -2*u + j. What is the units digit of u?
1
Let r be (-3 - 19/(-5))*25. Let z = -28 + r. Let p(t) = 3*t**2 + 13*t + 2. What is the units digit of p(z)?
0
Suppose 26008 = -15*j + 16*j + m, -104014 = -4*j - m. What is the units digit of j?
2
Suppose 5*q = -10, t = -0*t - 5*q - 10. What is the tens digit of 0*4/(-4) + 536 + t?
3
Let n = -7122 + 9289. What is the tens digit of n?
6
Suppose 0 = 7*s + 14415 - 5751 - 47234. What is the thousands digit of s?
5
Let y = -3564 + 12478. What is the thousands digit of y?
8
Suppose 0 = -o + 5*v - 7, 2*o - 2*v = 3*o - 21. Suppose l + p - 2 = 3, -l + o = 5*p. Suppose 2*m = -l*m + 445. What is the tens digit of m?
8
Let b(k) = -15*k**2 + 4*k + 2. Let g be b(-3). Let o be g/30 + 1*2/(-12). What is the hundreds digit of (-546)/o + -2 + (-4)/20?
1
Suppose -189153 = -19*i + 180245. What is the thousands digit of i?
9
Suppose 2*a + u = 11, -4*a - 3*u = -30 + 3. Suppose -4*q - 3824 = -4*p, 1343 + 2467 = 4*p + a*q. What is the tens digit of p?
5
Let s = -408 - -410. Suppose -4110 = -7*g + s*g. What is the tens digit of g?
2
Let m(b) = -1776*b + 1249. What is the thousands digit of m(-5)?
0
Let k = 3909 - 2583. Let r = -772 + k. What is the tens digit of r?
5
Suppose 39*h - 38*h - 4098 = 0. Suppose -11*g + 822 = x - 12*g, -5*x + h = -g. What is the tens digit of x?
1
Suppose 0 = 26*h - 23*h + 216. Let i = h - -32. Let x = i + 48. What is the units digit of x?
8
Suppose 2*q = -m - q - 18, -4*m - 4*q = 64. Let h(i) be the third derivative of i**5/60 + 7*i**4/24 - 4*i**3/3 + 11*i**2. What is the units digit of h(m)?
2
Suppose 5*t - 4*c = 27363, -225*t = -221*t + 5*c - 21874. What is the thousands digit of t?
5
Let a(o) = -o - 5. Suppose -22 + 1 = 3*r. Let b be a(r). Suppose -3*x + 4*c + 392 = x, 2*c = -b*x + 212. What is the tens digit of x?
0
Suppose 0*m - 604095 = -50*m - 65*m. What is the thousands digit of m?
5
Suppose 0 = 40*m - 52*m + 192. What is the units digit of 4*4426/m - (-2)/4?
7
Let q be 24/(6/32 - 0). Let d = q + -106. Let c(s) = s**2 - 13*s - 41. What is the units digit of c(d)?
7
Let a(j) = 5*j**2 - 7*j + 21. Let y be a(4). Suppose 9*u - 2980 = -y. What is the tens digit of u?
2
Let q = -107681 - -153143. What is the thousands digit of q?
5
What is the thousands digit of (-105455)/(-9) + (-22)/99?
1
Let l(j) = -2*j**2 + 44*j - 61. Let f be l(20). Suppose f*g = 18*g + 449. What is the units digit of g?
9
Let s = -34 - -56. Let l = -14 + s. What is the tens digit of 12/l*(-448)/(-12)?
5
Suppose 9660 = 52*h - 2196. Let g = 935 - 615. Let i = g - h. What is the units digit of i?
2
Suppose g - 312620 = -5*g - 64*g. What is the thousands digit of g?
4
Let n be 18/24 + (-1)/(8/(-82)). Let t = 17 - n. Suppose -123 = -t*b + 51. What is the tens digit of b?
2
Let t(c) = 2*c**2 - 46*c + 111. Suppose -6*r = 6*r - 348. What is the tens digit of t(r)?
5
Let i(j) = -3*j**2 + 19*j - 11. Let z be i(5). Let d be (-4)/(z/(-6) - -1). Let t(h) = 37*h - 57. What is the hundreds digit of t(d)?
2
What is the thousands digit of 17/(-15) - 3/15 - 257431/(-57)?
4
Let s = 444 - 225. Let x = s + 68. What is the tens digit of x?
8
Suppose 50*p - 581 = 419. Suppose 0 = -p*i - 0*i + 30960. What is the thousands digit of i?
1
Let o = -31 + 38. Suppose 0 = o*m - 0*m + 42. Let i(w) = -12*w - 15. What is the tens digit of i(m)?
5
Let v(w) = w + 18. Let c be v(-12). Suppose c*l = -l + 2079. Let q = l + -196. What is the tens digit of q?
0
Let t(p) = -p**3 - 3*p**2 + 8*p + 6. Let j be t(-5). Let x(f) = -3*f - 40. Let k be x(-10). Let o = k + j. What is the units digit of o?
6
Suppose 19*a = 91272 + 87341 + 52161. What is the hundreds digit of a?
1
Let a be (126/(-27))/((-4)/618). Let q = a - 442. What is the units digit of q?
9
Suppose 9563439 = 151*u + 2212960 - 1080606. What is the hundreds digit of u?
8
Suppose -3*o + 28 = 25. What is the units digit of (2*o/(-2))/((-28)/24920)?
0
Let b(j) = -j**2 - 13*j - 16. Let s be b(-12). What is the units digit of (-2)/(s/194)*1 - -4?
1
Suppose -18*v + 77298 + 37884 = 0. What is the hundreds digit of v?
3
Suppose 26*q - 87*q = -611586. What is the tens digit of q?
2
Let n = -30172 + 53448. What is the tens digit of n?
7
Let l = -8348 + 13482. What is the hundreds digit of l?
1
Suppose 87*y - 282*y + 1522365 = 0. What is the thousands digit of y?
7
Suppose 9*h - 132964 - 741686 = -41*h. What is the ten thousands digit of h?
1
Let n(u) = 30*u - 1203. Let j(y) = 6*y - 241. Let o(k) = -11*j(k) + 2*n(k). Let h be o(0). Suppose -43 - h = -3*b. What is the units digit of b?
6
Suppose -43 = 2*p - 199. Suppose 0 = p*d - 101*d + 2415. What is the units digit of d?
5
Suppose -2*y = 4*h - 64061 - 55617, 5*h - 3*y = 149603. Suppose -41*l + 9*l = -h. What is the hundreds digit of l?
9
Suppose 4*x - x - 627 = 3*g, 2*x - 438 = -2*g. What is the hundreds digit of x/(4 + 42/(-12))?
4
Let q be 1/(-7) - ((-15)/7 + -1). Suppose -4*j - 6*u = -u + 349, 4*j - q*u + 373 = 0. Let f = -48 - j. What is the tens digit of f?
4
Let a be (35/(-10) - -3)*-4*1. Let c be 25 + 1008 - a*-1*1. Suppose -2*m + c = 3*m. What is the units digit of m?
7
Let n = 1710 + 134. What is the tens digit of n?
4
Let t = -4537 + 29900. What is the hundreds digit of t?
3
Suppose c + 5*g - 1152 = 7*g, 4*c = -5*g + 4647. Le